mber?
True
Is 80449843 prime?
True
Is 12352716091 a composite number?
False
Is 113723101641 a prime number?
False
Is 724113527 prime?
True
Is 309753997 a prime number?
False
Is 1531319899 composite?
True
Is 107272975295 a composite number?
True
Is 43408139833 a composite number?
True
Is 535895351 composite?
False
Is 3535040261 composite?
False
Is 31823914957 composite?
False
Is 1259888979 a prime number?
False
Is 43777147357 composite?
True
Is 430391191 composite?
False
Is 1262010221 composite?
False
Is 1738166159 prime?
True
Is 46480329713 prime?
False
Is 868768049 prime?
False
Is 51181903547 composite?
True
Is 23122185761 composite?
True
Is 957397837 a prime number?
False
Is 7414386373 composite?
False
Is 712398989503 prime?
True
Is 378986693 a prime number?
False
Is 136420391483 prime?
True
Is 295850021 a composite number?
False
Is 1517810009 prime?
False
Is 54205570543 prime?
False
Is 2262978979 a composite number?
False
Is 44621240999 a prime number?
False
Is 6948254941 a prime number?
True
Is 2806879949 a prime number?
False
Is 8243751583 a prime number?
False
Is 3439131781 a prime number?
True
Is 3887108101 a composite number?
False
Is 2001666269 a prime number?
False
Is 22645887991 composite?
True
Is 99821428009 a composite number?
False
Is 5480710777 a prime number?
False
Is 61140341 a composite number?
False
Is 8231671219 prime?
True
Is 1127936233 composite?
True
Is 851407783 prime?
False
Is 1603586441 a composite number?
False
Is 6458443333 prime?
False
Is 9186468497 prime?
True
Is 4156336499 composite?
True
Is 1837311209 a composite number?
False
Is 13369475737 a prime number?
False
Is 642578231 a prime number?
True
Is 228805342 a composite number?
True
Is 37925947049 a composite number?
False
Is 2392550033 a composite number?
True
Is 2439703963 composite?
False
Is 187299911 prime?
False
Is 80105989321 prime?
False
Is 701014421 a prime number?
False
Is 13808871527 a composite number?
True
Is 1569360021 a composite number?
True
Is 1697495291 a prime number?
True
Is 13071476839 a prime number?
True
Is 7872224179 a composite number?
True
Is 18479095909 prime?
True
Is 649244282 composite?
True
Is 79269389 composite?
True
Is 54019787369 composite?
False
Is 8381582899 a composite number?
False
Is 308536759 a prime number?
False
Is 697961141 a prime number?
True
Is 1128833351 composite?
False
Is 10417656401 a composite number?
False
Is 1512693503 a composite number?
True
Is 3978265322 a prime number?
False
Is 3056429899 a composite number?
False
Is 3276752002 composite?
True
Is 77666712301 a prime number?
True
Is 195907725514 a composite number?
True
Is 28384839151 composite?
False
Is 53202231257 a composite number?
True
Is 20101492429 a composite number?
True
Is 482632133 a composite number?
True
Is 163716793 prime?
True
Is 782351369 composite?
True
Is 1645721723 prime?
True
Is 59500547 a prime number?
False
Is 5375146369 composite?
True
Is 11037191611 composite?
False
Is 319691843383 composite?
True
Is 47924420041 composite?
True
Is 53174168143 prime?
False
Is 44925537227 prime?
True
Is 1106381281 a composite number?
False
Is 2461619 a composite number?
True
Is 538690027 a prime number?
True
Is 1893945461 a composite number?
False
Is 255804673 a prime number?
False
Is 11392883465 composite?
True
Is 15253746161 a composite number?
True
Is 5244766691 a prime number?
True
Is 5548238177 composite?
True
Is 17992801622 prime?
False
Is 10852447163 a prime number?
False
Is 124449271 a prime number?
False
Is 7266293162 a prime number?
False
Is 1212124373 a composite number?
False
Is 6112079947 composite?
False
Is 1062312827 a prime number?
True
Is 730235983 prime?
True
Is 109013996489 a composite number?
False
Is 554505017 prime?
False
Is 6018135787 composite?
False
Is 784226087 a composite number?
False
Is 33651058813 prime?
True
Is 452470531 prime?
True
Is 1582990007 prime?
True
Is 5328117409 composite?
False
Is 662782619 prime?
True
Is 85909654 a composite number?
True
Is 18108145051 prime?
False
Is 389304065 a composite number?
True
Is 1117924251 prime?
False
Is 30332697361 prime?
True
Is 8931945331 composite?
False
Is 86698249285 composite?
True
Is 232165276657 a composite number?
False
Is 10398414529 a prime number?
True
Is 2150544119 a composite number?
False
Is 5467518817 prime?
True
Is 6324921521 a composite number?
True
Is 8433958993 composite?
True
Is 478723681657 prime?
False
Is 1020864731 a composite number?
False
Is 377015869 a prime number?
False
Is 8505106954 composite?
True
Is 132783031 composite?
True
Is 21859463657 a prime number?
False
Is 1105599301 a prime number?
False
Is 54136055681 a prime number?
True
Is 2954467399 a prime number?
False
Is 33352538321 prime?
False
Is 3083040446 composite?
True
Is 289837279 a prime number?
True
Is 23381970233 composite?
False
Is 14209821411 composite?
True
Is 12857454133 composite?
True
Is 31591032997 composite?
False
Is 6510496994 prime?
False
Is 2404624583 a composite number?
True
Is 6375270947 a prime number?
True
Is 7657082119 a prime number?
False
Is 564703487 a composite number?
True
Is 7842429173 composite?
True
Is 665783977 a composite number?
False
Is 14618537117 prime?
False
Is 453123061 a composite number?
False
Is 205132133 a prime number?
False
Is 4711028711 a composite number?
True
Is 20483428267 composite?
False
Is 4915307099 a prime number?
False
Is 37085215693 a composite number?
False
Is 579469413 composite?
True
Is 110045519 a prime number?
False
Is 6887999 prime?
False
Is 70003267 a composite number?
True
Is 169435031 a prime number?
True
Is 19457775247 prime?
True
Is 1031922217 a composite number?
False
Is 2320602703 composite?
True
Is 166241993 prime?
False
Is 36501254657 a prime number?
False
Is 2702844797 composite?
False
Is 541410391 prime?
True
Is 1803029857 prime?
False
Is 2802553987 composite?
True
Is 29987665471 prime?
True
Is 1207363538 a composite number?
True
Is 5711776193 prime?
True
Is 1797277351 prime?
False
Is 16162824329 a composite number?
True
Is 444139327 a composite number?
True
Is 61732465723 a composite number?
False
Is 30349576253 prime?
True
Is 395190629 composite?
False
Is 105330373 composite?
False
Is 819785123 composite?
False
Is 2832342647 composite?
True
Is 309604891829 a prime number?
True
Is 8607171983 a composite number?
True
Is 9610688917 a prime number?
False
Is 291900335 a composite number?
True
Is 130734768782 a prime number?
False
Is 22053014471 a composite number?
False
Is 11097859327 a composite number?
False
Is 3430927961 a composite number?
False
Is 1433406053 a prime number?
False
Is 692742251 a composite number?
False
Is 516093011 composite?
True
Is 42637478137 a prime number?
False
Is 40823960431 composite?
True
Is 3742788589 prime?
False
Is 31045482071 prime?
False
Is 24754206131 a prime number?
False
Is 534699461 a composite number?
False
Is 4735577411 a prime number?
True
Is 42475588513 a composite number?
True
Is 21784769581 composite?
True
Is 80254408138 a prime number?
False
Is 42655005559 prime?
True
Is 125920529027 a composite number?
True
Is 21875494183 a composite number?
True
Is 148812953 a prime number?
True
Is 1700334673 a prime number?
True
Is 8552310881 composite?
False
Is 332478277 composite?
False
Is 453179477 a composite number?
True
Is 308685101 a prime number?
True
Is 4220801779 prime?
False
Is 59230884079 composite?
True
Is 1713157022 composite?
True
Is 464149703 a composite number?
True
Is 1397920343 a composite number?
True
Is 3903745283 composite?
False
Is 149355677 composite?
False
Is 5927708569 a prime number?
True
Is 4536269489 prime?
False
Is 162595994307 a prime number?
False
Is 2324744993 prime?
True
Is 16643746694 composite?
True
Is 27153066541 a prime number?
True
Is 401069713 a composite number?
True
Is 4351384711 prime?
True
Is 17023160879 prime?
True
Is 1245904301 prime?
False
Is 3633627611 prime?
False
Is 38106730639 composite?
False
Is 9558098047 a prime number?
False
Is 107004071 a prime number?
False
Is 1589270443 composite?
True
Is 10820181121 a composite number?
True
Is 16370980811 a prime number?
False
Is 2562113269 composite?
False
Is 20455780879 a prime number?
True
Is 598467743 a composite number?
False
Is 7590636919 a prime number?
True
Is 11449306886 composite?
True
Is 1242